ighest common divisor of 665 and 1045?
95
What is the highest common factor of 176 and 64?
16
Calculate the highest common divisor of 72 and 162.
18
Calculate the greatest common factor of 48 and 1040.
16
What is the highest common factor of 246 and 1148?
82
Calculate the greatest common factor of 3200 and 56.
8
What is the greatest common divisor of 81 and 27?
27
Calculate the greatest common factor of 300 and 8.
4
What is the greatest common divisor of 147 and 42?
21
What is the highest common factor of 2584 and 1368?
152
What is the greatest common divisor of 959 and 161?
7
What is the greatest common divisor of 44 and 33?
11
What is the highest common divisor of 32010 and 60?
30
What is the greatest common factor of 2665 and 369?
41
Calculate the highest common divisor of 648 and 3144.
24
Calculate the highest common factor of 425 and 119.
17
Calculate the greatest common factor of 78 and 52.
26
What is the highest common factor of 174 and 1566?
174
What is the greatest common factor of 180 and 880?
20
What is the highest common factor of 100 and 52?
4
Calculate the highest common factor of 38 and 247.
19
What is the greatest common divisor of 9 and 2043?
9
Calculate the highest common factor of 230 and 10.
10
Calculate the greatest common factor of 28168 and 56.
56
What is the highest common factor of 2152 and 2?
2
What is the greatest common divisor of 78 and 2158?
26
What is the highest common factor of 2662 and 22?
22
What is the highest common factor of 1950 and 702?
78
What is the highest common divisor of 58 and 10469?
29
Calculate the highest common divisor of 105 and 1155.
105
Calculate the highest common factor of 615 and 30.
15
Calculate the greatest common factor of 406 and 42.
14
What is the highest common factor of 253 and 154?
11
Calculate the highest common factor of 66 and 473.
11
What is the highest common divisor of 36864 and 36?
36
What is the greatest common factor of 968 and 40?
8
Calculate the highest common divisor of 39 and 21.
3
Calculate the highest common divisor of 891 and 162.
81
Calculate the highest common divisor of 330 and 85.
5
What is the greatest common divisor of 3230 and 170?
170
Calculate the highest common factor of 340 and 1666.
34
What is the highest common divisor of 4529 and 14?
7
Calculate the greatest common factor of 91 and 91.
91
Calculate the highest common factor of 52 and 6.
2
What is the highest common divisor of 84 and 105?
21
Calculate the highest common factor of 400 and 232.
8
Calculate the highest common divisor of 108 and 84.
12
Calculate the highest common divisor of 16 and 736.
16
Calculate the highest common divisor of 109 and 1744.
109
What is the greatest common factor of 168 and 266?
14
What is the highest common divisor of 268 and 201?
67
What is the highest common factor of 8 and 4856?
8
Calculate the greatest common divisor of 884 and 15691.
221
What is the greatest common factor of 68580 and 135?
135
Calculate the greatest common divisor of 35 and 217.
7
What is the greatest common divisor of 513 and 570?
57
Calculate the greatest common divisor of 57 and 399.
57
What is the highest common factor of 2827 and 275?
11
What is the greatest common factor of 13 and 2483?
13
What is the highest common divisor of 2912 and 91?
91
What is the highest common divisor of 16 and 28?
4
What is the highest common factor of 3 and 1299?
3
Calculate the highest common divisor of 291 and 9991.
97
What is the greatest common factor of 154 and 2750?
22
What is the highest common factor of 34 and 17?
17
Calculate the greatest common divisor of 27 and 687.
3
Calculate the highest common divisor of 3 and 3189.
3
Calculate the greatest common factor of 310 and 27435.
155
Calculate the highest common divisor of 416 and 3666.
26
Calculate the greatest common factor of 873 and 2134.
97
Calculate the greatest common divisor of 2828 and 28.
28
Calculate the highest common divisor of 14 and 20.
2
Calculate the highest common factor of 17 and 5729.
17
Calculate the highest common divisor of 352 and 209.
11
What is the highest common divisor of 106 and 1537?
53
What is the greatest common divisor of 1748 and 19?
19
What is the highest common divisor of 1536 and 6?
6
Calculate the highest common factor of 2475 and 1800.
225
What is the greatest common divisor of 32 and 3552?
32
Calculate the highest common divisor of 1107 and 486.
27
What is the highest common divisor of 1452 and 96?
12
What is the highest common factor of 91 and 1638?
91
Calculate the greatest common divisor of 112 and 35.
7
What is the highest common factor of 195 and 25?
5
What is the highest common factor of 1200 and 35?
5
What is the greatest common factor of 7356 and 12?
12
Calculate the greatest common divisor of 38 and 6859.
19
Calculate the highest common divisor of 16 and 272.
16
Calculate the greatest common divisor of 24 and 300.
12
Calculate the highest common factor of 12 and 996.
12
Calculate the highest common factor of 6 and 2586.
6
What is the highest common divisor of 780 and 120?
60
What is the highest common factor of 2088 and 6525?
261
What is the greatest common factor of 32 and 2000?
16
What is the highest common factor of 238 and 14?
14
Calculate the greatest common factor of 182 and 52.
26
What is the highest common divisor of 1248 and 78?
78
What is the greatest common divisor of 5 and 365?
5
What is the highest common divisor of 1012 and 88?
44
What is the highest common factor of 6939 and 257?
257
What is the greatest common divisor of 1130 and 10?
10
What is the greatest common factor of 6 and 6?
6
What is the highest common divisor of 702 and 90?
18
Calculate the highest common divisor of 6759 and 9.
9
What is the highest common divisor of 72 and 8?
8
What is the greatest common factor of 20 and 1420?
20
What is the highest common factor of 9964 and 212?
212
Calculate the greatest common factor of 4773 and 444.
111
Calculate the greatest common divisor of 30 and 9910.
10
What is the greatest common divisor of 114 and 366?
6
Calculate the highest common divisor of 39 and 5.
1
What is the highest common divisor of 143 and 4147?
143
Calculate the highest common divisor of 127743 and 539.
539
Calculate the highest common divisor of 182 and 1204.
14
What is the greatest common factor of 120 and 420?
60
What is the greatest common divisor of 287 and 4428?
41
Calculate the highest common factor of 96 and 336.
48
Calculate the highest common factor of 67 and 335.
67
What is the greatest common factor of 1267 and 905?
181
Calculate the greatest common divisor of 3672 and 180.
36
What is the highest common factor of 333 and 9?
9
Calculate the greatest common factor of 994 and 42.
14
Calculate the greatest common divisor of 286 and 52.
26
What is the highest common divisor of 206 and 8?
2
What is the highest common factor of 2 and 229?
1
What is the greatest common divisor of 8 and 8?
8
What is the greatest common divisor of 37 and 74?
37
Calculate the greatest common divisor of 34 and 26.
2
Calculate the highest common divisor of 69 and 69.
69
Calculate the highest common factor of 102 and 918.
102
What is the highest common factor of 84 and 2373?
21
Calculate the highest common divisor of 630 and 350.
70
Calculate the greatest common divisor of 143 and 52.
13
What is the highest common divisor of 285 and 912?
57
Calculate the highest common factor of 17500 and 280.
140
Calculate the highest common divisor of 270 and 390.
30
What is the greatest common divisor of 238 and 306?
34
What is the highest common divisor of 972 and 10449?
243
What is the greatest common factor of 65 and 221?
13
Calculate the greatest common factor of 35066 and 1182.
394
What is the greatest common divisor of 14 and 56?
14
Calculate the greatest common factor of 450 and 6.
6
Calculate the greatest common factor of 54528 and 6.
6
Calculate the greatest common factor of 1702 and 74.
74
What is the highest common factor of 40630 and 170?
170
What is the highest common divisor of 15 and 105?
15
What is the highest common divisor of 57112 and 8?
8
Calculate the greatest common divisor of 242 and 374.
22
Calculate the highest common factor of 14 and 49.
7
What is the highest common divisor of 11 and 7799?
11
Calculate the highest common factor 